 o = 78 + v. Calculate the greatest common factor of 26 and o.
13
Let v(f) = 13*f**2 + f. Let b be v(-1). Calculate the highest common divisor of 18 and b.
6
Let r be 3/((-18)/28)*-39. Let s = -127 + r. Let i = -46 + 68. Calculate the greatest common factor of i and s.
11
Suppose -4*x = 5*a - 9, 2*a + 7 = 4*x + 33. Suppose 0 = -4*q + a*q - 5. Let v be (-3)/(-6)*-2 - -21. What is the highest common divisor of q and v?
5
Suppose -5*f + 0*f - 4*t + 21312 = 0, -2*f + 8530 = -t. Calculate the greatest common factor of f and 13.
13
Suppose 0*y - 17 = -y. Let i = y + -17. Suppose i = 3*t - 82 + 1. Calculate the greatest common divisor of t and 54.
27
Let d(g) = -g**3 - 9*g**2 + 18*g - 35. Let i be d(-11). What is the highest common divisor of i and 180?
9
Suppose -4*g = -3*h + 29, 2*h - 5*g - 30 + 6 = 0. Let u = 9 - h. Suppose v + 31 = 2*p, -p + 3*p = u*v + 30. What is the highest common factor of p and 48?
16
Let q = -8 + 26. Suppose 0 = -y + 1 - 5. Let a be 8/(y/(-6) - 0). What is the highest common factor of a and q?
6
Let q = -114 + 113. Let z(k) = 68*k**2 + 6*k + 6. Let m be z(q). What is the highest common factor of m and 17?
17
Suppose -4*f + 3 = -3*f. Suppose s = -v, -f*s + 4*v = -6*s. Suppose 0 = 4*m - 4*a - 20, s*m + 3*a = 4*m - 18. Calculate the highest common divisor of m and 15.
3
Let g be (5 + (2 - 3))*-1. Let s = g - -10. Let v(p) = p**2 - 9*p - 52. Let k be v(-5). What is the highest common divisor of s and k?
6
Let u be ((-8)/(-5))/((-28)/(-70)). Suppose 65 = u*i + 1. What is the highest common factor of i and 80?
16
Let z = 873 + -840. Calculate the greatest common divisor of 55 and z.
11
Suppose 0 = -55*s + 58*s - 39. What is the highest common divisor of s and 65?
13
Suppose -4*b - 3 = 14*v - 19*v, 4*b = -2*v + 18. What is the greatest common divisor of 123 and v?
3
Suppose -6*s + 19 = 19. Suppose -3*a - 4*q + 10 + 4 = s, -a - q = -6. Calculate the greatest common divisor of 8 and a.
2
Suppose -41 + 221 = 6*k. Let v be ((-15)/k)/((-2)/24). Suppose 0 = 2*q - 2*j - 52, 10*j + 10 = q + 5*j. What is the highest common factor of q and v?
6
Let s(z) = 43*z - 94. Let u be s(8). Calculate the highest common divisor of u and 10.
10
Let c be (-2 - (-42)/6)/((-1)/21). Let g be -3*((-30)/7 + (-30)/c). Calculate the highest common factor of g and 18.
6
Let y(j) = -j + 16. Let p be y(11). Suppose -p*x + 215 = -105. What is the greatest common factor of 32 and x?
32
Let w be (-768)/(-5) + (-14)/(-35). Let s be w/8 + (-9)/(-12). Calculate the highest common divisor of 20 and s.
20
Suppose -4*x + 6*x = -p + 61, 0 = p + 3. What is the greatest common divisor of 208 and x?
16
Let z be (-12)/(-20) + 856/(-10). Let p = -57 - z. Let s be 3*2*70/p. Calculate the highest common factor of 105 and s.
15
Let m = -189 + 209. Let z be 894/3 - -1*2. Suppose -5*k + z = -2*k. Calculate the highest common factor of m and k.
20
Suppose 0 = 7*u - 22*u + 1680. Calculate the highest common factor of 28 and u.
28
Suppose -12*l + 15*l = 15. Suppose -l*x - 504 = -13*x. Calculate the greatest common divisor of x and 36.
9
Suppose 3*q - 5*p = 65, 55 = 4*q - q + 5*p. Suppose -4*f = s - 0*s + 40, -s - f - 25 = 0. Let v = s + 30. What is the highest common divisor of v and q?
10
Let y = 298 + -280. Let i(k) = -k**3 + 6*k**2 - 4*k - 4. Let w be i(5). Let x be (w - 2)*90/(-2). Calculate the highest common factor of y and x.
9
Suppose 178*i + 40 + 37 = 185*i. Let z(v) = -v**3 + 4*v**2 + 1. Let g be z(4). Calculate the greatest common divisor of i and g.
1
Suppose 9*j = -15*j + 960. What is the greatest common divisor of 760 and j?
40
Let i(s) = 4*s - 23. Let z be i(10). Suppose -z*o + 52 = -15*o. What is the highest common divisor of 78 and o?
26
Let q(r) be the first derivative of -8*r**2 - 8*r + 23. Let l be q(-3). Let i(a) = 11*a**2 - 1. Let k be i(1). What is the greatest common factor of l and k?
10
Suppose 2*n = -0*n + 8. Suppose 5 = -n*f + 33. What is the highest common divisor of 63 and f?
7
Suppose 13 = -4*w + 1. Let d be (-64)/3*w*(-15)/(-6). Suppose 0 = -3*l + l + 64. What is the greatest common divisor of l and d?
32
Let u(w) = 2*w**2 - w + 1. Let r be u(-4). Let p = 18 + r. Let m = -220 - -225. Calculate the highest common factor of m and p.
5
Let b be (7/(-2) + -1)*32/(-48). Let x be b - (-537 - 0) - (-1)/(-1). Calculate the greatest common factor of x and 49.
49
Suppose -5*s - 151 = 4*h, -5*h + 2*h + 5*s = 122. Let a = h + 65. Let x = 47 - a. Calculate the highest common divisor of 14 and x.
7
Suppose -2*d + 15 = v, 3*v = 4*v - 3*d - 15. Suppose 0 = v*g - 11*g - 160. Suppose -g + 32 = -y. Calculate the highest common divisor of y and 24.
8
Let l be 17*((-1)/2)/((-6)/156). What is the highest common factor of 85 and l?
17
Let o(r) = r + 19. Let x(k) = -k + 5. Let f be x(7). Let n be f/(1 - (-21)/(-27)). Let z be o(n). What is the greatest common divisor of z and 5?
5
Suppose 5*m - 73 = -3*g, 14*g = 9*g + 4*m + 60. Calculate the greatest common divisor of g and 432.
16
Suppose 4*f = -2*v, -v - 14 = 3*f + 4*v. Suppose -14*x = -12*x - f. Suppose -l - 33 = -4*l. Calculate the greatest common divisor of l and x.
1
Suppose 0 = j + 13 + 6. Let a = 11 - j. What is the highest common factor of 6 and a?
6
Let m(f) = -f**3 - 7*f**2 - f + 7. Let h = 6 + -13. Let p be m(h). Suppose -p = 3*i - 410. Calculate the greatest common factor of 22 and i.
22
Let m = -49 + 109. Let x = m - 52. Calculate the highest common factor of x and 4.
4
Suppose -5*j - 15 = -4*f, -2*f + 2*j - 5 = -3*j. Let r be 56/70 + 22/f. Suppose -2*c + 14 = -28. Calculate the greatest common divisor of c and r.
3
Let k(s) = -s**2 - 2*s. Let o be k(0). Let r(f) = f**3 + f + 152. Let v be r(o). Calculate the greatest common divisor of v and 19.
19
Suppose b - 30 = -o, 4*b = 5*o + 103 - 1. Suppose -3*j + 2*w = 2*j - 6, 0 = -3*w - 9. Let p be ((j - 0) + 2)*42. What is the greatest common divisor of p and b?
28
Let v be -3 + 38 + 0 + 1. Suppose 534 + 258 = 2*l. Calculate the highest common factor of l and v.
36
Let h = -854 - -900. Calculate the greatest common divisor of 1035 and h.
23
Let z = 12 - -90. Calculate the highest common divisor of z and 68.
34
Let h(f) = -2*f**2 + 5*f + 4. Let s be h(7). Let j = -44 - s. Calculate the greatest common factor of 6 and j.
3
Suppose 7068 = 92*q - 16*q. Calculate the highest common factor of 3 and q.
3
Let p = -1740 - -2006. Calculate the greatest common factor of p and 114.
38
Suppose -6 = -2*v + 2*p, -3 = -4*p - 19. Let m be 15/10*-2*v. Suppose x + m*y = -0*y + 27, 5*y - 50 = -2*x. Calculate the highest common divisor of 75 and x.
15
Let u = -3 - -267. Let d = 39 - 77. Let a = 62 + d. Calculate the highest common factor of a and u.
24
Let q = 12 + -7. Suppose q*l - 80 = 20. Let o be 1/2 + 30/4. What is the highest common factor of l and o?
4
Let p be (9 - (-1)/2)*24. What is the highest common factor of p and 48?
12
Let l be 7/(-84) - 18148/(-48). What is the highest common factor of 1386 and l?
126
Suppose 3*m = -0*m + 33. Suppose -5*n + 3*n = -2, 41 = 4*c + 5*n. Suppose 0 = c*v - 13*v + 132. What is the greatest common factor of v and m?
11
Let k(a) be the second derivative of a**5/20 - a**4/2 + 7*a**3/6 + 4*a. Let g be k(5). Calculate the highest common divisor of g and 50.
10
Let y(i) be the first derivative of -i**4/4 + 10*i**3/3 + 7*i**2 - 2*i - 1. Let a be y(11). What is the highest common factor of 93 and a?
31
Let o(g) = 4*g + 58. Let n be o(4). What is the greatest common divisor of 10 and n?
2
Let x = 22 - 11. Let b be 50/30*(-6)/(-5). Suppose -b*a = k - 202, -2*a - a + 301 = k. Calculate the highest common factor of a and x.
11
Let c = 144 - 131. Let n = -137 - -230. Let j be (1 + 0)*(-2 + n). Calculate the greatest common factor of c and j.
13
Let d be 666/8*(59 - 55). What is the highest common divisor of 222 and d?
111
Let b = 26 + -18. Suppose 0 = -4*p + 3*p + 56. What is the highest common divisor of b and p?
8
Let h = 7 + -5. Suppose -h*w + 5*t = -5*w + 310, 4*w + 4*t - 424 = 0. Let x = w + -74. What is the greatest common divisor of x and 36?
36
Suppose 26 = z - 0*z. Let j be (0/((-6)/2))/2. Let i be (-3)/(-6)*j + 234. What is the greatest common factor of i and z?
26
Suppose -3 = -0*p - p. Let s be -1 - (p - (-2 + 24)). Suppose 0 = -2*l + l + 45. W